ime factors of 15182.
2, 7591
What are the prime factors of 261?
3, 29
List the prime factors of 243.
3
List the prime factors of 3091.
11, 281
List the prime factors of 272.
2, 17
What are the prime factors of 26300?
2, 5, 263
List the prime factors of 3621.
3, 17, 71
List the prime factors of 1270.
2, 5, 127
List the prime factors of 77340.
2, 3, 5, 1289
What are the prime factors of 17904?
2, 3, 373
List the prime factors of 2947.
7, 421
List the prime factors of 915.
3, 5, 61
List the prime factors of 15236.
2, 13, 293
List the prime factors of 10278.
2, 3, 571
List the prime factors of 3198.
2, 3, 13, 41
What are the prime factors of 1980?
2, 3, 5, 11
List the prime factors of 1331.
11
List the prime factors of 10706.
2, 53, 101
What are the prime factors of 112653?
3, 12517
What are the prime factors of 4878?
2, 3, 271
What are the prime factors of 149946?
2, 3, 67, 373
What are the prime factors of 38773?
7, 29, 191
What are the prime factors of 13107?
3, 17, 257
What are the prime factors of 23699?
13, 1823
List the prime factors of 204738.
2, 3, 34123
What are the prime factors of 977?
977
List the prime factors of 1043.
7, 149
What are the prime factors of 30023?
7, 4289
What are the prime factors of 30561?
3, 61, 167
What are the prime factors of 152600?
2, 5, 7, 109
What are the prime factors of 25452?
2, 3, 7, 101
What are the prime factors of 1688?
2, 211
List the prime factors of 2732.
2, 683
List the prime factors of 1545.
3, 5, 103
List the prime factors of 5326.
2, 2663
List the prime factors of 1398.
2, 3, 233
What are the prime factors of 100453?
17, 19, 311
What are the prime factors of 60467?
11, 23, 239
What are the prime factors of 1163?
1163
What are the prime factors of 49054?
2, 24527
What are the prime factors of 109958?
2, 54979
What are the prime factors of 10311?
3, 7, 491
What are the prime factors of 42084?
2, 3, 7, 167
What are the prime factors of 25673?
25673
List the prime factors of 15006.
2, 3, 41, 61
What are the prime factors of 915?
3, 5, 61
What are the prime factors of 31261?
43, 727
List the prime factors of 13083.
3, 7, 89
List the prime factors of 6291.
3, 233
List the prime factors of 1938.
2, 3, 17, 19
What are the prime factors of 16247?
7, 11, 211
List the prime factors of 1126.
2, 563
List the prime factors of 500.
2, 5
List the prime factors of 7587.
3, 281
What are the prime factors of 2369?
23, 103
List the prime factors of 5051.
5051
What are the prime factors of 1068?
2, 3, 89
What are the prime factors of 17259?
3, 11, 523
What are the prime factors of 3817?
11, 347
List the prime factors of 2548.
2, 7, 13
List the prime factors of 143054.
2, 71527
List the prime factors of 586.
2, 293
List the prime factors of 75326.
2, 37663
List the prime factors of 4590.
2, 3, 5, 17
What are the prime factors of 10051?
19, 23
What are the prime factors of 53417?
7, 13, 587
What are the prime factors of 38598?
2, 3, 7, 919
What are the prime factors of 51495?
3, 5, 3433
What are the prime factors of 4713?
3, 1571
What are the prime factors of 21220?
2, 5, 1061
What are the prime factors of 11432?
2, 1429
What are the prime factors of 2875?
5, 23
List the prime factors of 9541.
7, 29, 47
List the prime factors of 17428.
2, 4357
What are the prime factors of 712?
2, 89
List the prime factors of 74130.
2, 3, 5, 7, 353
List the prime factors of 86884.
2, 7, 29, 107
List the prime factors of 3500.
2, 5, 7
List the prime factors of 10120.
2, 5, 11, 23
What are the prime factors of 10352?
2, 647
What are the prime factors of 72678?
2, 3, 12113
List the prime factors of 67720.
2, 5, 1693
What are the prime factors of 2540?
2, 5, 127
What are the prime factors of 3035?
5, 607
List the prime factors of 10538.
2, 11, 479
What are the prime factors of 73196?
2, 29, 631
What are the prime factors of 81852?
2, 3, 19, 359
List the prime factors of 5361.
3, 1787
List the prime factors of 41247.
3, 4583
List the prime factors of 28299.
3, 9433
List the prime factors of 2948.
2, 11, 67
What are the prime factors of 64294?
2, 17, 31, 61
List the prime factors of 5510.
2, 5, 19, 29
List the prime factors of 339.
3, 113
List the prime factors of 36008.
2, 7, 643
List the prime factors of 255.
3, 5, 17
List the prime factors of 8565.
3, 5, 571
List the prime factors of 6499.
67, 97
What are the prime factors of 10488?
2, 3, 19, 23
What are the prime factors of 838?
2, 419
List the prime factors of 17613.
3, 19, 103
List the prime factors of 137665.
5, 11, 2503
What are the prime factors of 1088?
2, 17
What are the prime factors of 2304?
2, 3
What are the prime factors of 15524?
2, 3881
List the prime factors of 499.
499
List the prime factors of 16662.
2, 3, 2777
List the prime factors of 998.
2, 499
What are the prime factors of 6599?
6599
List the prime factors of 3615.
3, 5, 241
List the prime factors of 6110.
2, 5, 13, 47
List the prime factors of 47691.
3, 7, 757
List the prime factors of 1437.
3, 479
List the prime factors of 62598.
2, 3, 10433
What are the prime factors of 145575?
3, 5, 647
List the prime factors of 695.
5, 139
List the prime factors of 816.
2, 3, 17
What are the prime factors of 1865?
5, 373
What are the prime factors of 71466?
2, 3, 43, 277
What are the prime factors of 5204?
2, 1301
What are the prime factors of 50898?
2, 3, 17, 499
What are the prime factors of 27942?
2, 3, 4657
List the prime factors of 28492.
2, 17, 419
What are the prime factors of 38801?
7, 23, 241
List the prime factors of 2267.
2267
List the prime factors of 4225.
5, 13
What are the prime factors of 13927?
19, 733
List the prime factors of 729.
3
List the prime factors of 93940.
2, 5, 7, 11, 61
What are the prime factors of 29822?
2, 13, 31, 37
What are the prime factors of 39919?
11, 19, 191
List the prime factors of 1126.
2, 563
List the prime factors of 29169.
3, 7, 463
List the prime factors of 1278.
2, 3, 71
List the prime factors of 681.
3, 227
List the prime factors of 1243.
11, 113
What are the prime factors of 9177?
3, 7, 19, 23
What are the prime factors of 2628?
2, 3, 73
List the prime factors of 7677.
3, 853
What are the prime factors of 58414?
2, 29207
List the prime factors of 603.
3, 67
List the prime factors of 9262.
2, 11, 421
List the prime factors of 9559.
11, 79
List the prime factors of 472.
2, 59
List the prime factors of 817.
19, 43
What are the prime factors of 58319?
29, 2011
What are the prime factors of 4833?
3, 179
What are the prime factors of 17458?
2, 7, 29, 43
List the prime factors of 119343.
3, 7, 5683
What are the prime factors of 11750?
2, 5, 47
What are the prime factors of 6107?
31, 197
What are the prime factors of 45421?
53, 857
What are the prime factors of 78495?
3, 5, 5233
List the prime factors of 34404.
2, 3, 47, 61
List the prime factors of 56075.
5, 2243
List the prime factors of 55532.
2, 13883
What are the prime factors of 248?
2, 31
What are the prime factors of 7713?
3, 857
List the prime factors of 67160.
2, 5, 23, 73
What are the prime factors of 5810?
2, 5, 7, 83
List the prime factors of 1295.
5, 7, 37
What are the prime factors of 20048?
2, 7, 179
What are the prime factors of 2406?
2, 3, 401
What are the prime factors of 5681?
13, 19, 23
List the prime factors of 29781.
3, 1103
List the prime factors of 1741.
1741
What are the prime factors of 51520?
2, 5, 7, 23
What are the prime factors of 1236?
2, 3, 103
List the prime factors of 123309.
3, 4567
What are the prime factors of 4542?
2, 3, 757
What are the prime factors of 16008?
2, 3, 23, 29
What are the prime factors of 3648?
2, 3, 19
List the prime factors of 229.
229
What are the prime factors of 22277?
22277
What are the prime factors of 185259?
3, 37, 1669
List the prime factors of 2984.
2, 373
List the prime factors of 49537.
49537
List the prime factors of 21391.
21391
What are the prime factors of 7271?
11, 661
What are the prime factors of 2185?
5, 19, 23
List the prime factors of 1394.
2, 17, 41
List the prime factors of 2835.
3, 5, 7
List the prime factors of 945.
3, 5, 7
What are the prime factors of 9881?
41, 241
List the prime factors of 68192.
2, 2131
List the prime factors of 1074.
2, 3, 179
What are the prime factors of 513?
3, 19
List the prime factors of 8636.
2, 17, 127
What are the prime f